 is -6254a (base 13) in base 16?
-2b21b
What is 133201133 (base 4) in base 12?
6287b
What is 10101010110000010100 (base 2) in base 10?
699412
425320 (base 7) to base 3
10202101021
4c812 (base 13) to base 2
100010101010010111
What is 4164244 (base 7) in base 11?
314166
110011110100011110 (base 2) to base 6
4314354
What is 8764109 (base 10) in base 7?
134331224
What is -2047743 (base 9) in base 7?
-12206640
Convert -20000100112 (base 4) to base 6.
-112545514
22212220 (base 3) to base 8
14515
-303020 (base 8) to base 15
-1e8c1
1510211 (base 6) to base 16
1537f
34488 (base 16) to base 13
76623
Convert -1242314 (base 9) to base 8.
-2453171
Convert -5333162 (base 8) to base 6.
-50255442
Convert -2246366 (base 8) to base 11.
-386a45
-1002200211010 (base 3) to base 16
-8eb4e
2651 (base 11) to base 16
d74
Convert -101646353 (base 7) to base 16.
-5b7a83
What is -132071 (base 9) in base 8?
-234576
What is 232449 (base 12) in base 7?
4536126
Convert -cdb7 (base 14) to base 12.
-18759
-2aa7140 (base 11) to base 4
-110100101110
What is c1c1b0 (base 13) in base 12?
1616481
What is -4a4ab (base 14) in base 15?
-38e0e
What is -1100111100111110 (base 2) in base 3?
-2200202222
What is -34131114 (base 7) in base 15?
-3d8a93
What is -13111001333 (base 4) in base 2?
-111010101000001111111
What is 3404104 (base 5) in base 7?
336435
-23303301111 (base 4) to base 8
-13636125
Convert a352c (base 13) to base 2.
1000111100011011100
26222106 (base 8) to base 12
1b58946
What is -5022024 (base 8) in base 3?
-2111001122021
What is 53f60 (base 16) in base 2?
1010011111101100000
What is -50446 (base 10) in base 8?
-142416
What is -112201000211 (base 3) in base 15?
-5ab5a
71c714 (base 13) to base 5
1134431201
-15103050 (base 7) to base 10
-1429659
What is -4304321304 (base 5) in base 8?
-42432650
What is -1011001111010010 (base 2) in base 5?
-2433114
What is -16a5986 (base 13) in base 14?
-d95837
3222002 (base 6) to base 7
1230143
-11102002011200 (base 3) to base 6
-122123113
What is 11303303132 (base 4) in base 8?
5636336
1203011111 (base 4) to base 14
a7c8d
What is 51106 (base 13) in base 11?
9a08a
Convert -2100233121 (base 4) to base 11.
-375471
Convert 4edf2 (base 16) to base 7.
2513601
What is 10a808 (base 13) in base 5?
100111443
What is 160100 (base 14) in base 11?
485441
What is 27713a6 (base 11) in base 13?
cb2416
-1144154024 (base 6) to base 3
-220121110202121
Convert 6e8c6 (base 15) to base 16.
562da
Convert -1d5d82 (base 14) to base 5.
-232203424
-1101111001010001110111 (base 2) to base 12
-1277b07
2458588 (base 10) to base 13
6810b2
Convert 62127 (base 13) to base 4.
222331122
What is 231725 (base 10) in base 14?
6063b
Convert 321401341 (base 5) to base 15.
1bbdb6
Convert 7d000 (base 15) to base 6.
12311430
-13134244 (base 5) to base 10
-130574
-3124515 (base 6) to base 7
-1200242
4639351 (base 10) to base 12
1678987
-1348461 (base 9) to base 6
-23514431
-841034 (base 10) to base 12
-346862
1230011132 (base 5) to base 2
1011010100111111000110
Convert -160d382 (base 14) to base 8.
-51127626
1000220 (base 4) to base 12
2488
Convert 69d987 (base 14) to base 9.
6712281
What is -11dd379 (base 14) in base 6?
-504221155
45be1d (base 16) to base 4
101123320131
What is b915a4 (base 16) in base 3?
211211020211011
Convert -110111011110000100 (base 2) to base 8.
-673604
-6b32c (base 14) to base 12
-107278
28774 (base 12) to base 11
39406
Convert -1e456c (base 16) to base 2.
-111100100010101101100
Convert 13b30 (base 14) to base 6.
1014050
350110 (base 8) to base 10
118856
Convert -2233434303 (base 5) to base 4.
-103000232113
What is -167706 (base 10) in base 12?
-81076
-13079344 (base 10) to base 12
-4469094
What is -22010322130 (base 4) in base 3?
-11222012112201
-11042304 (base 5) to base 9
-156430
What is 3410381 (base 9) in base 3?
10110100102201
Convert 303643 (base 8) to base 7.
565205
3302230230 (base 4) to base 14
1bc3c8
What is -315453233 (base 6) in base 4?
-111110311311
What is 20430550 (base 6) in base 3?
1010020021210
-10000010011010000000 (base 2) to base 6
-15240520
Convert 2ec53 (base 15) to base 5.
14320103
-19048 (base 16) to base 2
-11001000001001000
What is -85677 (base 14) in base 4?
-1032230121
Convert 37583 (base 12) to base 4.
102111303
1425646 (base 7) to base 16
2ecea
What is -391ed (base 15) in base 3?
-100021121121
What is -10399422 (base 10) in base 6?
-1010521250
What is -795518 (base 10) in base 15?
-10aa98
Convert -255139 (base 10) to base 2.
-111110010010100011
10011000011011000000010 (base 2) to base 5
2234311222
What is a2a342 (base 12) in base 7?
30440162
-10010101111001100011 (base 2) to base 5
-124121422
Convert -111011010021 (base 3) to base 13.
-90ab1
What is 419c3b (base 16) in base 4?
100121300323
Convert e1f3 (base 16) to base 14.
17119
199edd (base 15) to base 4
10300313131
What is 10130021201 (base 4) in base 5?
244220443
What is 220015133 (base 7) in base 16?
c91fcd
What is -471c9 (base 14) in base 3?
-22210122111
What is -103316 (base 12) in base 4?
-332020002
What is 154009 (base 14) in base 7?
6204012
What is -389aa3 (base 12) in base 15?
-135619
What is 1436378 (base 9) in base 6?
24550412
1c6c6b (base 13) to base 3
1101001110000
10100001111000010 (base 2) to base 10
82882
Convert 119a262 (base 13) to base 11.
31013a1
Convert 13178743 (base 9) to base 16.
630282
What is -27cc5 (base 15) in base 9?
-214225
1511054 (base 7) to base 8
617263
-14406 (base 16) to base 10
-82950
Convert -3021002 (base 6) to base 9.
-236762
-42203a (base 11) to base 8
-2450537
-36126 (base 14) to base 2
-100000001101100110
Convert 3ed17 (base 16) to base 3.
111001221202
What is -1011001110001101100 (base 2) in base 11?
-231305
95b3a (base 13) to base 5
32114232
-211201212100 (base 3) to base 11
-286245
Convert 102012210200 (base 3) to base 14.
5a635
What is 11b531 (base 12) in base 16?
46a35
100101001001001111 (base 2) to base 12
74067
-3044134 (base 6) to base 12
-7064a
Convert -31399 (base 16) to base 2.
-110001001110011001
What is 112002220121 (base 3) in base 4?
1003302310
Convert -1748643 (base 10) to base 9.
-3254616
222313230 (base 4) to base 6
3432540
What is 1457206 (base 9) in base 10?
805713
11152606 (base 7) to base 6
32451154
102d0a (base 14) to base 3
1000201210102
Convert -27da8 (base 14) to base 9.
-160386
Convert 2231103023 (base 4) to base 11.
445345
Convert -54b0 (base 14) to base 5.
-432113
Convert -2a61a6 (base 14) to base 4.
-11220200012
-38178 (base 11) to base 13
-1bc18
Convert -1222541245 (base 6) to base 13.
-2c0b709
5cd69 (base 15) to base 16
486c9
656305 (base 7) to base 10
115057
What is 16656363 (base 7) in base 8?
6213766
Convert 120202102210 (base 3) to base 13.
ab222
-183242 (base 10) to base 14
-4aaca
What is -10000100100010011101 (base 2) in base 3?
-1000120200120
Convert -99070 (base 10) to base 16.
-182fe
-4547a5 (base 11) to base 16
-b0aef
Convert -a3cb6 (base 14) to base 12.
-170648
Convert -216101 (base 7) to base 10.
-38123
Convert 22043 (base 15) to base 7.
630024
Convert 395bb (base 16) to base 13.
82c23
What is -13c88 (base 15) in base 9?
-106182
Convert 10000201111 (base 3) to base 4.
32202313
-1001211120001 (base 3) to base 4
-2022210100
36343503 (base 7) to base 15
43e550
What is -1011310330 (base 5) in base 10?
-2056965
705116 (base 8) to base 10
232014
What is -28db2f (base 16) in base 3?
-12001000220120
Convert 255411035 (base 6) to base 16.
4cac3f
Convert 18d78 (base 15) to base 16.
13b17
Convert -45650 (base 11) to base 7.
-363264
10010110011100 (base 2) to base 7
40033
-130322 (base 7) to base 11
-17186
Convert 14a955 (base 12) to base 8.
1254321
-372464 (base 10) to base 11
-234924
-25351 (base 16) to base 6
-3133321
Convert -2212002121110 (base 3) to base 4.
-11302132311
What is 2589492 (base 10) in base 2?
1001111000001100110100
122787 (base 12) to base 10
294871
Convert -46894 (base 15) to base 9.
-372184
-22110321200 (base 4) to base 16
-294e60
What is -1000012000 (base 3) in base 4?
-10311222
What is -4846 (base 12) in base 15?
-2613
What is -10011010000111110110 (base 2) in base 9?
-1161858
What is -1c03ca5 (base 13) in base 8?
-43342507
107856 (base 9) to base 2
1111110101010011
What is 13a1a8a (base 12) in base 13?
a80a06
Convert -130130010 (base 4) to base 11.
-7a575
10011221211201 (b